{"id":1500,"date":"2022-09-15T15:41:54","date_gmt":"2022-09-15T13:41:54","guid":{"rendered":"http:\/\/nenuphar-argenteuil.fr\/?page_id=1500"},"modified":"2022-10-04T15:38:26","modified_gmt":"2022-10-04T13:38:26","slug":"ateliers-ponctuels","status":"publish","type":"page","link":"https:\/\/nenuphar-argenteuil.fr\/index.php\/atelier\/ateliers-ponctuels\/","title":{"rendered":"Ateliers ponctuels"},"content":{"rendered":"\n<div class=\"blockart-section blockart-section-576385b7\"><div class=\"blockart-container\"><div class=\"blockart-section-inner\">\n<div class=\"blockart-column blockart-column-eefcae0e\"><div class=\"blockart-column-inner\">\n<h2 class=\"blockart-heading blockart-heading-ebedb899\">Ateliers ponctuels<\/h2>\n\n\n\n<p class=\"blockart-paragraph blockart-paragraph-e5018010\">Durant l&#8217;ann\u00e9e, nous proposons des ateliers ponctuels, ceux-ci appara\u00eetront ici et dans la rubrique <a href=\"http:\/\/nenuphar-argenteuil.fr\/index.php\/blog\/\" data-type=\"URL\" data-id=\"http:\/\/nenuphar-argenteuil.fr\/index.php\/blog\/\">actualit\u00e9s<\/a>:<\/p>\n<\/div><\/div>\n<\/div><\/div><\/div>\n\n\n\n<div class=\"blockart-section blockart-section-32508e0f\"><div class=\"blockart-container\"><div class=\"blockart-section-inner\">\n<div class=\"blockart-column blockart-column-989c7a09\"><div class=\"blockart-column-inner\">\n<h3 class=\"blockart-heading blockart-heading-138f2ffc\">Atelier art du num\u00e9rique<\/h3>\n\n\n\n<p class=\"blockart-paragraph blockart-paragraph-7b2c4cf0\">Les cours du num\u00e9rique s&#8217;effectuent tous les mardis du 12 Septembre 2022 au 18 octobre 2022 de 19h \u00e0 20h30 \u00e0 la maison quartier centre ville, 7 rue des Gobelins.  <\/p>\n\n\n\n<figure class=\"wp-block-image size-large\"><img decoding=\"async\" src=\"http:\/\/nenuphar-argenteuil.fr\/wp-content\/uploads\/2022\/09\/Atelier-Num\u00e9rique-2022-3-724x1024.png\" alt=\"\" class=\"wp-image-1620\"\/><\/figure>\n<\/div><\/div>\n\n\n\n<div class=\"blockart-column blockart-column-bfba3e9a\"><div class=\"blockart-column-inner\">\n<h3 class=\"blockart-heading blockart-heading-24d08fb3\">Atelier p\u00e2tes fra\u00eeches italiennes <\/h3>\n\n\n\n<p class=\"blockart-paragraph blockart-paragraph-f619e554\">L&#8217;atelier p\u00e2tes fra\u00eeches se d\u00e9roule une premi\u00e8re fois le mardi 7 octobre de 14 \u00e0 16h puis une seconde fois pour ceux qui n&#8217;auront pas pu y assister le mardi 11 octobre de 18h30 \u00e0 20h30, encadr\u00e9 par Jlenia, une intervenante italienne. Cette atelier a lieu dans nos locaux au 23 Avenue Gabriel P\u00e9ri, le prix est de 5\u20ac pour les adh\u00e9rents et 7\u20ac pour les non-adh\u00e9rents. <\/p>\n\n\n\n<figure class=\"wp-block-image size-large\"><img loading=\"lazy\" decoding=\"async\" width=\"724\" height=\"1024\" src=\"http:\/\/nenuphar-argenteuil.fr\/wp-content\/uploads\/2022\/09\/Affiche-Conseils-pour-la-journee-mondiale-de-lenvironnement-Vert-et-Orange-Saumon-4-724x1024.png\" alt=\"\" class=\"wp-image-1621\" srcset=\"https:\/\/nenuphar-argenteuil.fr\/wp-content\/uploads\/2022\/09\/Affiche-Conseils-pour-la-journee-mondiale-de-lenvironnement-Vert-et-Orange-Saumon-4-724x1024.png 724w, https:\/\/nenuphar-argenteuil.fr\/wp-content\/uploads\/2022\/09\/Affiche-Conseils-pour-la-journee-mondiale-de-lenvironnement-Vert-et-Orange-Saumon-4-212x300.png 212w, https:\/\/nenuphar-argenteuil.fr\/wp-content\/uploads\/2022\/09\/Affiche-Conseils-pour-la-journee-mondiale-de-lenvironnement-Vert-et-Orange-Saumon-4-768x1086.png 768w, https:\/\/nenuphar-argenteuil.fr\/wp-content\/uploads\/2022\/09\/Affiche-Conseils-pour-la-journee-mondiale-de-lenvironnement-Vert-et-Orange-Saumon-4-1086x1536.png 1086w, https:\/\/nenuphar-argenteuil.fr\/wp-content\/uploads\/2022\/09\/Affiche-Conseils-pour-la-journee-mondiale-de-lenvironnement-Vert-et-Orange-Saumon-4-1448x2048.png 1448w, https:\/\/nenuphar-argenteuil.fr\/wp-content\/uploads\/2022\/09\/Affiche-Conseils-pour-la-journee-mondiale-de-lenvironnement-Vert-et-Orange-Saumon-4.png 1587w\" sizes=\"auto, (max-width: 724px) 100vw, 724px\" \/><\/figure>\n<\/div><\/div>\n<\/div><\/div><\/div>\n\n\n\n<div class=\"blockart-section blockart-section-b6a50731\"><div class=\"blockart-container\"><div class=\"blockart-section-inner\">\n<div class=\"blockart-column blockart-column-5589ca34\"><div class=\"blockart-column-inner\">\n<h3 class=\"blockart-heading blockart-heading-ee6e4437\">Atelier p\u00e2tisserie &#8220;fraisier&#8221;<\/h3>\n\n\n\n<p class=\"blockart-paragraph blockart-paragraph-d9ae7760\">L&#8217;atelier p\u00e2tisserie &#8220;fraisier&#8221; aura lieu le vendredi 14 octobre 2022 de 14h \u00e0 16h dans nos locaux au 23 avenue Gabriel P\u00e9ri. Le prix est de 5\u20ac pour les adh\u00e9rents et 7\u20ac pour les non-adh\u00e9rents.<\/p>\n\n\n\n<figure class=\"wp-block-image size-large\"><img loading=\"lazy\" decoding=\"async\" width=\"724\" height=\"1024\" src=\"http:\/\/nenuphar-argenteuil.fr\/wp-content\/uploads\/2022\/09\/Affiche-Conseils-pour-la-journee-mondiale-de-lenvironnement-Vert-et-Orange-Saumon-5-724x1024.png\" alt=\"\" class=\"wp-image-1627\" srcset=\"https:\/\/nenuphar-argenteuil.fr\/wp-content\/uploads\/2022\/09\/Affiche-Conseils-pour-la-journee-mondiale-de-lenvironnement-Vert-et-Orange-Saumon-5-724x1024.png 724w, https:\/\/nenuphar-argenteuil.fr\/wp-content\/uploads\/2022\/09\/Affiche-Conseils-pour-la-journee-mondiale-de-lenvironnement-Vert-et-Orange-Saumon-5-212x300.png 212w, https:\/\/nenuphar-argenteuil.fr\/wp-content\/uploads\/2022\/09\/Affiche-Conseils-pour-la-journee-mondiale-de-lenvironnement-Vert-et-Orange-Saumon-5-768x1086.png 768w, https:\/\/nenuphar-argenteuil.fr\/wp-content\/uploads\/2022\/09\/Affiche-Conseils-pour-la-journee-mondiale-de-lenvironnement-Vert-et-Orange-Saumon-5-1086x1536.png 1086w, https:\/\/nenuphar-argenteuil.fr\/wp-content\/uploads\/2022\/09\/Affiche-Conseils-pour-la-journee-mondiale-de-lenvironnement-Vert-et-Orange-Saumon-5-1448x2048.png 1448w, https:\/\/nenuphar-argenteuil.fr\/wp-content\/uploads\/2022\/09\/Affiche-Conseils-pour-la-journee-mondiale-de-lenvironnement-Vert-et-Orange-Saumon-5.png 1587w\" sizes=\"auto, (max-width: 724px) 100vw, 724px\" \/><\/figure>\n<\/div><\/div>\n\n\n\n<div class=\"blockart-column blockart-column-763de433\"><div class=\"blockart-column-inner\">\n<h3 class=\"blockart-heading blockart-heading-8d2fb2ab\">Atelier p\u00e2tisserie &#8220;layer cake&#8221; <\/h3>\n\n\n\n<p class=\"blockart-paragraph blockart-paragraph-b22417c2\">L&#8217;atelier p\u00e2tisserie &#8220;layer cake&#8221; aura lieu le vendredi 21 octobre de 13h \u00e0 16h dans nos locaux au 23 avenue Gabriel P\u00e9ri. Le prix est de 10\u20ac pour les adh\u00e9rents et 12\u20ac pour es non-adh\u00e9rents.<\/p>\n\n\n\n<figure class=\"wp-block-image size-large\"><img loading=\"lazy\" decoding=\"async\" width=\"724\" height=\"1024\" src=\"http:\/\/nenuphar-argenteuil.fr\/wp-content\/uploads\/2022\/09\/Cream-and-Yellow-Creative-Bakery-Grand-Opening-Poster-1-724x1024.png\" alt=\"\" class=\"wp-image-1628\" srcset=\"https:\/\/nenuphar-argenteuil.fr\/wp-content\/uploads\/2022\/09\/Cream-and-Yellow-Creative-Bakery-Grand-Opening-Poster-1-724x1024.png 724w, https:\/\/nenuphar-argenteuil.fr\/wp-content\/uploads\/2022\/09\/Cream-and-Yellow-Creative-Bakery-Grand-Opening-Poster-1-212x300.png 212w, https:\/\/nenuphar-argenteuil.fr\/wp-content\/uploads\/2022\/09\/Cream-and-Yellow-Creative-Bakery-Grand-Opening-Poster-1-768x1086.png 768w, https:\/\/nenuphar-argenteuil.fr\/wp-content\/uploads\/2022\/09\/Cream-and-Yellow-Creative-Bakery-Grand-Opening-Poster-1-1086x1536.png 1086w, https:\/\/nenuphar-argenteuil.fr\/wp-content\/uploads\/2022\/09\/Cream-and-Yellow-Creative-Bakery-Grand-Opening-Poster-1-1448x2048.png 1448w, https:\/\/nenuphar-argenteuil.fr\/wp-content\/uploads\/2022\/09\/Cream-and-Yellow-Creative-Bakery-Grand-Opening-Poster-1.png 1587w\" sizes=\"auto, (max-width: 724px) 100vw, 724px\" \/><\/figure>\n<\/div><\/div>\n<\/div><\/div><\/div>\n\n\n\n<div class=\"blockart-section blockart-section-283c7d42\"><div class=\"blockart-container\"><div class=\"blockart-section-inner\">\n<div class=\"blockart-column blockart-column-cf0cc668\"><div class=\"blockart-column-inner\">\n<h3 class=\"blockart-heading blockart-heading-503c0aba\">Brunch de sensibilisation contre le cancer du sein <\/h3>\n\n\n\n<p class=\"blockart-paragraph blockart-paragraph-fa807a5e\">\u00c0 l&#8217;occasion de l&#8217;octobre rose nous vous invitons \u00e0 un brunch le mardi 11 Octobre de  9h30 \u00e0 11h dans nos locaux au 23 Avenue Gabriel P\u00e9ri, au cours duquel un m\u00e9decin sera l\u00e0 pour vous informer et r\u00e9pondre \u00e0 vos questions. <\/p>\n\n\n\n<figure class=\"wp-block-gallery has-nested-images columns-default is-cropped wp-block-gallery-1 is-layout-flex wp-block-gallery-is-layout-flex\">\n<figure class=\"wp-block-image size-large\"><img loading=\"lazy\" decoding=\"async\" width=\"724\" height=\"1024\" data-id=\"1635\" src=\"http:\/\/nenuphar-argenteuil.fr\/wp-content\/uploads\/2022\/09\/Affiche-Conseils-pour-la-journee-mondiale-de-lenvironnement-Vert-et-Orange-Saumon-1-5-724x1024.png\" alt=\"\" class=\"wp-image-1635\" srcset=\"https:\/\/nenuphar-argenteuil.fr\/wp-content\/uploads\/2022\/09\/Affiche-Conseils-pour-la-journee-mondiale-de-lenvironnement-Vert-et-Orange-Saumon-1-5-724x1024.png 724w, https:\/\/nenuphar-argenteuil.fr\/wp-content\/uploads\/2022\/09\/Affiche-Conseils-pour-la-journee-mondiale-de-lenvironnement-Vert-et-Orange-Saumon-1-5-212x300.png 212w, https:\/\/nenuphar-argenteuil.fr\/wp-content\/uploads\/2022\/09\/Affiche-Conseils-pour-la-journee-mondiale-de-lenvironnement-Vert-et-Orange-Saumon-1-5-768x1086.png 768w, https:\/\/nenuphar-argenteuil.fr\/wp-content\/uploads\/2022\/09\/Affiche-Conseils-pour-la-journee-mondiale-de-lenvironnement-Vert-et-Orange-Saumon-1-5-1086x1536.png 1086w, https:\/\/nenuphar-argenteuil.fr\/wp-content\/uploads\/2022\/09\/Affiche-Conseils-pour-la-journee-mondiale-de-lenvironnement-Vert-et-Orange-Saumon-1-5-1448x2048.png 1448w, https:\/\/nenuphar-argenteuil.fr\/wp-content\/uploads\/2022\/09\/Affiche-Conseils-pour-la-journee-mondiale-de-lenvironnement-Vert-et-Orange-Saumon-1-5.png 1587w\" sizes=\"auto, (max-width: 724px) 100vw, 724px\" \/><\/figure>\n<\/figure>\n<\/div><\/div>\n\n\n\n<div class=\"blockart-column blockart-column-8f6cd51e\"><div class=\"blockart-column-inner\">\n<h3 class=\"blockart-heading blockart-heading-7466905a\">Couture<\/h3>\n\n\n\n<p class=\"blockart-paragraph blockart-paragraph-6b5c54b9\">L\u2019association N\u00e9nuphar Argenteuil vous propose des cours de couture, sous forme de sessions de 4 s\u00e9ances. Nous proposons ces cr\u00e9neaux les mardis de 14h \u00e0 16h et les vendredis soirs de 18h30 \u00e0 20h30.<\/p>\n<\/div><\/div>\n<\/div><\/div><\/div>\n\n\n\n<div class=\"blockart-section blockart-section-69588cd0\"><div class=\"blockart-container\"><div class=\"blockart-section-inner\">\n<div class=\"blockart-column blockart-column-8dbd9416\"><div class=\"blockart-column-inner\"><\/div><\/div>\n<\/div><\/div><\/div>\n","protected":false},"excerpt":{"rendered":"","protected":false},"author":1,"featured_media":0,"parent":1484,"menu_order":1,"comment_status":"closed","ping_status":"open","template":"","meta":{"footnotes":""},"class_list":["post-1500","page","type-page","status-publish","hentry"],"_links":{"self":[{"href":"https:\/\/nenuphar-argenteuil.fr\/index.php\/wp-json\/wp\/v2\/pages\/1500","targetHints":{"allow":["GET"]}}],"collection":[{"href":"https:\/\/nenuphar-argenteuil.fr\/index.php\/wp-json\/wp\/v2\/pages"}],"about":[{"href":"https:\/\/nenuphar-argenteuil.fr\/index.php\/wp-json\/wp\/v2\/types\/page"}],"author":[{"embeddable":true,"href":"https:\/\/nenuphar-argenteuil.fr\/index.php\/wp-json\/wp\/v2\/users\/1"}],"replies":[{"embeddable":true,"href":"https:\/\/nenuphar-argenteuil.fr\/index.php\/wp-json\/wp\/v2\/comments?post=1500"}],"version-history":[{"count":18,"href":"https:\/\/nenuphar-argenteuil.fr\/index.php\/wp-json\/wp\/v2\/pages\/1500\/revisions"}],"predecessor-version":[{"id":1639,"href":"https:\/\/nenuphar-argenteuil.fr\/index.php\/wp-json\/wp\/v2\/pages\/1500\/revisions\/1639"}],"up":[{"embeddable":true,"href":"https:\/\/nenuphar-argenteuil.fr\/index.php\/wp-json\/wp\/v2\/pages\/1484"}],"wp:attachment":[{"href":"https:\/\/nenuphar-argenteuil.fr\/index.php\/wp-json\/wp\/v2\/media?parent=1500"}],"curies":[{"name":"wp","href":"https:\/\/api.w.org\/{rel}","templated":true}]}}

<div class="blockart-section blockart-section-576385b7"><div class="blockart-container"><div class="blockart-section-inner">
<div class="blockart-column blockart-column-eefcae0e"><div class="blockart-column-inner">
<h2 class="blockart-heading blockart-heading-ebedb899">Ateliers ponctuels</h2>



<p class="blockart-paragraph blockart-paragraph-e5018010">Durant l&#8217;année, nous proposons des ateliers ponctuels, ceux-ci apparaîtront ici et dans la rubrique <a href="http://nenuphar-argenteuil.fr/index.php/blog/" data-type="URL" data-id="http://nenuphar-argenteuil.fr/index.php/blog/">actualités</a>:</p>
</div></div>
</div></div></div>



<div class="blockart-section blockart-section-32508e0f"><div class="blockart-container"><div class="blockart-section-inner">
<div class="blockart-column blockart-column-989c7a09"><div class="blockart-column-inner">
<h3 class="blockart-heading blockart-heading-138f2ffc">Atelier art du numérique</h3>



<p class="blockart-paragraph blockart-paragraph-7b2c4cf0">Les cours du numérique s&#8217;effectuent tous les mardis du 12 Septembre 2022 au 18 octobre 2022 de 19h à 20h30 à la maison quartier centre ville, 7 rue des Gobelins.  </p>



<figure class="wp-block-image size-large"><img decoding="async" src="http://nenuphar-argenteuil.fr/wp-content/uploads/2022/09/Atelier-Numérique-2022-3-724x1024.png" alt="" class="wp-image-1620"/></figure>
</div></div>



<div class="blockart-column blockart-column-bfba3e9a"><div class="blockart-column-inner">
<h3 class="blockart-heading blockart-heading-24d08fb3">Atelier pâtes fraîches italiennes </h3>



<p class="blockart-paragraph blockart-paragraph-f619e554">L&#8217;atelier pâtes fraîches se déroule une première fois le mardi 7 octobre de 14 à 16h puis une seconde fois pour ceux qui n&#8217;auront pas pu y assister le mardi 11 octobre de 18h30 à 20h30, encadré par Jlenia, une intervenante italienne. Cette atelier a lieu dans nos locaux au 23 Avenue Gabriel Péri, le prix est de 5€ pour les adhérents et 7€ pour les non-adhérents. </p>



<figure class="wp-block-image size-large"><img loading="lazy" decoding="async" width="724" height="1024" src="http://nenuphar-argenteuil.fr/wp-content/uploads/2022/09/Affiche-Conseils-pour-la-journee-mondiale-de-lenvironnement-Vert-et-Orange-Saumon-4-724x1024.png" alt="" class="wp-image-1621" srcset="https://nenuphar-argenteuil.fr/wp-content/uploads/2022/09/Affiche-Conseils-pour-la-journee-mondiale-de-lenvironnement-Vert-et-Orange-Saumon-4-724x1024.png 724w, https://nenuphar-argenteuil.fr/wp-content/uploads/2022/09/Affiche-Conseils-pour-la-journee-mondiale-de-lenvironnement-Vert-et-Orange-Saumon-4-212x300.png 212w, https://nenuphar-argenteuil.fr/wp-content/uploads/2022/09/Affiche-Conseils-pour-la-journee-mondiale-de-lenvironnement-Vert-et-Orange-Saumon-4-768x1086.png 768w, https://nenuphar-argenteuil.fr/wp-content/uploads/2022/09/Affiche-Conseils-pour-la-journee-mondiale-de-lenvironnement-Vert-et-Orange-Saumon-4-1086x1536.png 1086w, https://nenuphar-argenteuil.fr/wp-content/uploads/2022/09/Affiche-Conseils-pour-la-journee-mondiale-de-lenvironnement-Vert-et-Orange-Saumon-4-1448x2048.png 1448w, https://nenuphar-argenteuil.fr/wp-content/uploads/2022/09/Affiche-Conseils-pour-la-journee-mondiale-de-lenvironnement-Vert-et-Orange-Saumon-4.png 1587w" sizes="auto, (max-width: 724px) 100vw, 724px" /></figure>
</div></div>
</div></div></div>



<div class="blockart-section blockart-section-b6a50731"><div class="blockart-container"><div class="blockart-section-inner">
<div class="blockart-column blockart-column-5589ca34"><div class="blockart-column-inner">
<h3 class="blockart-heading blockart-heading-ee6e4437">Atelier pâtisserie &#8220;fraisier&#8221;</h3>



<p class="blockart-paragraph blockart-paragraph-d9ae7760">L&#8217;atelier pâtisserie &#8220;fraisier&#8221; aura lieu le vendredi 14 octobre 2022 de 14h à 16h dans nos locaux au 23 avenue Gabriel Péri. Le prix est de 5€ pour les adhérents et 7€ pour les non-adhérents.</p>



<figure class="wp-block-image size-large"><img loading="lazy" decoding="async" width="724" height="1024" src="http://nenuphar-argenteuil.fr/wp-content/uploads/2022/09/Affiche-Conseils-pour-la-journee-mondiale-de-lenvironnement-Vert-et-Orange-Saumon-5-724x1024.png" alt="" class="wp-image-1627" srcset="https://nenuphar-argenteuil.fr/wp-content/uploads/2022/09/Affiche-Conseils-pour-la-journee-mondiale-de-lenvironnement-Vert-et-Orange-Saumon-5-724x1024.png 724w, https://nenuphar-argenteuil.fr/wp-content/uploads/2022/09/Affiche-Conseils-pour-la-journee-mondiale-de-lenvironnement-Vert-et-Orange-Saumon-5-212x300.png 212w, https://nenuphar-argenteuil.fr/wp-content/uploads/2022/09/Affiche-Conseils-pour-la-journee-mondiale-de-lenvironnement-Vert-et-Orange-Saumon-5-768x1086.png 768w, https://nenuphar-argenteuil.fr/wp-content/uploads/2022/09/Affiche-Conseils-pour-la-journee-mondiale-de-lenvironnement-Vert-et-Orange-Saumon-5-1086x1536.png 1086w, https://nenuphar-argenteuil.fr/wp-content/uploads/2022/09/Affiche-Conseils-pour-la-journee-mondiale-de-lenvironnement-Vert-et-Orange-Saumon-5-1448x2048.png 1448w, https://nenuphar-argenteuil.fr/wp-content/uploads/2022/09/Affiche-Conseils-pour-la-journee-mondiale-de-lenvironnement-Vert-et-Orange-Saumon-5.png 1587w" sizes="auto, (max-width: 724px) 100vw, 724px" /></figure>
</div></div>



<div class="blockart-column blockart-column-763de433"><div class="blockart-column-inner">
<h3 class="blockart-heading blockart-heading-8d2fb2ab">Atelier pâtisserie &#8220;layer cake&#8221; </h3>



<p class="blockart-paragraph blockart-paragraph-b22417c2">L&#8217;atelier pâtisserie &#8220;layer cake&#8221; aura lieu le vendredi 21 octobre de 13h à 16h dans nos locaux au 23 avenue Gabriel Péri. Le prix est de 10€ pour les adhérents et 12€ pour es non-adhérents.</p>



<figure class="wp-block-image size-large"><img loading="lazy" decoding="async" width="724" height="1024" src="http://nenuphar-argenteuil.fr/wp-content/uploads/2022/09/Cream-and-Yellow-Creative-Bakery-Grand-Opening-Poster-1-724x1024.png" alt="" class="wp-image-1628" srcset="https://nenuphar-argenteuil.fr/wp-content/uploads/2022/09/Cream-and-Yellow-Creative-Bakery-Grand-Opening-Poster-1-724x1024.png 724w, https://nenuphar-argenteuil.fr/wp-content/uploads/2022/09/Cream-and-Yellow-Creative-Bakery-Grand-Opening-Poster-1-212x300.png 212w, https://nenuphar-argenteuil.fr/wp-content/uploads/2022/09/Cream-and-Yellow-Creative-Bakery-Grand-Opening-Poster-1-768x1086.png 768w, https://nenuphar-argenteuil.fr/wp-content/uploads/2022/09/Cream-and-Yellow-Creative-Bakery-Grand-Opening-Poster-1-1086x1536.png 1086w, https://nenuphar-argenteuil.fr/wp-content/uploads/2022/09/Cream-and-Yellow-Creative-Bakery-Grand-Opening-Poster-1-1448x2048.png 1448w, https://nenuphar-argenteuil.fr/wp-content/uploads/2022/09/Cream-and-Yellow-Creative-Bakery-Grand-Opening-Poster-1.png 1587w" sizes="auto, (max-width: 724px) 100vw, 724px" /></figure>
</div></div>
</div></div></div>



<div class="blockart-section blockart-section-283c7d42"><div class="blockart-container"><div class="blockart-section-inner">
<div class="blockart-column blockart-column-cf0cc668"><div class="blockart-column-inner">
<h3 class="blockart-heading blockart-heading-503c0aba">Brunch de sensibilisation contre le cancer du sein </h3>



<p class="blockart-paragraph blockart-paragraph-fa807a5e">À l&#8217;occasion de l&#8217;octobre rose nous vous invitons à un brunch le mardi 11 Octobre de  9h30 à 11h dans nos locaux au 23 Avenue Gabriel Péri, au cours duquel un médecin sera là pour vous informer et répondre à vos questions. </p>



<figure class="wp-block-gallery has-nested-images columns-default is-cropped wp-block-gallery-1 is-layout-flex wp-block-gallery-is-layout-flex">
<figure class="wp-block-image size-large"><img loading="lazy" decoding="async" width="724" height="1024" data-id="1635" src="http://nenuphar-argenteuil.fr/wp-content/uploads/2022/09/Affiche-Conseils-pour-la-journee-mondiale-de-lenvironnement-Vert-et-Orange-Saumon-1-5-724x1024.png" alt="" class="wp-image-1635" srcset="https://nenuphar-argenteuil.fr/wp-content/uploads/2022/09/Affiche-Conseils-pour-la-journee-mondiale-de-lenvironnement-Vert-et-Orange-Saumon-1-5-724x1024.png 724w, https://nenuphar-argenteuil.fr/wp-content/uploads/2022/09/Affiche-Conseils-pour-la-journee-mondiale-de-lenvironnement-Vert-et-Orange-Saumon-1-5-212x300.png 212w, https://nenuphar-argenteuil.fr/wp-content/uploads/2022/09/Affiche-Conseils-pour-la-journee-mondiale-de-lenvironnement-Vert-et-Orange-Saumon-1-5-768x1086.png 768w, https://nenuphar-argenteuil.fr/wp-content/uploads/2022/09/Affiche-Conseils-pour-la-journee-mondiale-de-lenvironnement-Vert-et-Orange-Saumon-1-5-1086x1536.png 1086w, https://nenuphar-argenteuil.fr/wp-content/uploads/2022/09/Affiche-Conseils-pour-la-journee-mondiale-de-lenvironnement-Vert-et-Orange-Saumon-1-5-1448x2048.png 1448w, https://nenuphar-argenteuil.fr/wp-content/uploads/2022/09/Affiche-Conseils-pour-la-journee-mondiale-de-lenvironnement-Vert-et-Orange-Saumon-1-5.png 1587w" sizes="auto, (max-width: 724px) 100vw, 724px" /></figure>
</figure>
</div></div>



<div class="blockart-column blockart-column-8f6cd51e"><div class="blockart-column-inner">
<h3 class="blockart-heading blockart-heading-7466905a">Couture</h3>



<p class="blockart-paragraph blockart-paragraph-6b5c54b9">L’association Nénuphar Argenteuil vous propose des cours de couture, sous forme de sessions de 4 séances. Nous proposons ces créneaux les mardis de 14h à 16h et les vendredis soirs de 18h30 à 20h30.</p>
</div></div>
</div></div></div>



<div class="blockart-section blockart-section-69588cd0"><div class="blockart-container"><div class="blockart-section-inner">
<div class="blockart-column blockart-column-8dbd9416"><div class="blockart-column-inner"></div></div>
</div></div></div>
